**2 - 23*t + 12*t + t**3 + 12*t. Let l(d) = -d**2 + 9*d - 4. What is the remainder when l(4) is divided by v(6)?
4
Let f(y) = -y**3 - 34*y**2 + 75*y + 221. What is the remainder when 470 is divided by f(-36)?
18
Suppose 35*n - 3931 + 475 = -19*n. Calculate the remainder when 310 is divided by n.
54
Let h = 22 - 26. Let t(y) = 5*y**2 + y - 1. Calculate the remainder when t(h) is divided by 34.
7
Let b = 96 - 87. Suppose 0 = 4*f - f + i - 25, 3*f = 3*i + b. What is the remainder when f is divided by 4?
3
Suppose -12*r + 1368 = -360. Let u = 103 + -51. Calculate the remainder when r is divided by u.
40
Let l = -19717 - -19748. Suppose 0 = -0*d + 3*d - 39. What is the remainder when l is divided by d?
5
Suppose -2*a - l - 6 = -3*a, 2*l + 18 = 5*a. Let t = -2 - -7. Calculate the remainder when t is divided by a.
1
Let z = -81 - -83. Let y = 23 - 9. What is the remainder when (194/6)/(z/6) is divided by y?
13
Let a = -488 - -361. Let u = a - -137. Calculate the remainder when 34 is divided by u.
4
Calculate the remainder when (-1024)/(-24)*45/12 is divided by (-756)/231*(-11)/2.
16
Let c = 14002 + -14016. Let j(h) be the second derivative of -2*h**3/3 - 23*h**2 + h. What is the remainder when 48 is divided by j(c)?
8
Let m(x) = 75*x**2 + 10*x - 5. Calculate the remainder when m(2) is divided by 3.
0
Suppose r - 3*i = 21, r - 16*i + 18*i - 31 = 0. What is the remainder when 48 is divided by r?
21
Let p(h) = -191*h + 44. Calculate the remainder when p(-3) is divided by 79.
64
Suppose -2*a - 472 = 2*m, -673 = 3*a + 8*m - 12*m. Let v = a + 266. What is the remainder when 524 is divided by v?
34
Let r = -10 - -29. Suppose 312*z - 23724 = -2508. What is the remainder when z is divided by r?
11
Let q(z) = -9*z - 4. Suppose 9*p - 4*p = -215. Let w = 50 + p. What is the remainder when w is divided by q(-1)?
2
Let c = -567 - -724. What is the remainder when c is divided by 56?
45
Let m = -1276 - -1282. Suppose 0*c - 3*c + 21 = 0. Suppose c*g - 8 = m*g. What is the remainder when g is divided by 3?
2
What is the remainder when 7 is divided by (-464)/261 - -2 - (-16)/9?
1
Suppose 14*r - 3*r = 5*r. Suppose -2*u + 30 = -2*m, 48 = 4*u - r*m - m. Suppose i + 2 = -0, 0 = -2*c - i + 64. Calculate the remainder when c is divided by u.
0
Suppose i - 12 = -0. Suppose 0 = -5*m - 4*p + 650, 21*p - 5 = 20*p. What is the remainder when m is divided by i?
6
Let a(p) = -13*p + 2. Let d be ((-8)/(-6))/(9/(-77 - 4)). Let h(b) = -8*b - 85. Calculate the remainder when a(-4) is divided by h(d).
10
Suppose -3*m = -135 + 36. Let s(h) = -23*h + 26. Let w be s(-5). Suppose -w - 153 = -3*r. Calculate the remainder when r is divided by m.
32
Suppose -54 - 13 = -k - 4*t, -5*t = 35. Calculate the remainder when 1836 is divided by k.
31
Suppose -l - 2*i = 4*l + 19, 5*i = 15. Let k be 123/l - (2 - 13/5). What is the remainder when -2*12/32*k is divided by 10?
8
Let g(z) = 11 - z**3 - 21918*z**2 + 21871*z**2 + 2*z**3 - 2*z + 89. Let u(i) = 7*i**2 + 3*i. What is the remainder when u(-2) is divided by g(47)?
4
Let k(t) = -5354*t - 37464. Suppose -3*s = -2*r - 366, 5*r + 267 = 4*s - 228. What is the remainder when s is divided by k(-7)?
8
Let d = -125 + 125. Let n(q) = -q**2 + 6*q + 34. Calculate the remainder when 202 is divided by n(d).
32
Let n(x) = 6*x - 34. Let t be n(6). Calculate the remainder when (51 - t) + 6*10/(-15) is divided by 12.
9
Suppose -2377 + 237 = -5*c. Suppose -4*g + 5*u = -147, -3*g - 3*u - 21 = -111. Calculate the remainder when c is divided by g.
32
Let h(a) = 6*a**3 - 18*a**2 + 73*a - 9. What is the remainder when h(5) is divided by 15?
11
Let s(o) = 1176*o - 4238. Calculate the remainder when s(4) is divided by 26.
24
Let f be 15 + -9 + (-3)/1. Suppose -2*w + 2*m = -24, -23 = -f*w - 2*m + 33. Calculate the remainder when 29 is divided by w.
13
Let q = 260 + -226. What is the remainder when 24 is divided by (1 - -6) + (30 - q)?
0
Let o = -84 + 2563. Calculate the remainder when o is divided by 62.
61
Suppose 3*u + 2*i = 53 + 12, -i + 106 = 5*u. Suppose -92 = -23*h + u*h. Calculate the remainder when 413 is divided by h.
45
Suppose -4*m + 5*x + 12211 = 0, -278*m = -274*m - 3*x - 12221. Calculate the remainder when m is divided by 85.
84
Suppose 3*v = k + 180, 5*v = -k - 3*k - 703. Let j = k - -444. Let y(n) = n**3 + 9*n**2 - 7*n - 9. Calculate the remainder when j is divided by y(-9).
51
Suppose 36*w + 730 - 2470 = 4236. What is the remainder when w is divided by 54?
4
Suppose 7*w = -70 + 210. Let p = -242 - -298. Calculate the remainder when p is divided by w.
16
Suppose -14*z + 3*l + 800 = -13*z, -l = 0. Calculate the remainder when z is divided by 260.
20
Let w(a) = -a**3 - 8*a**2 - 13*a - 4. Let y be w(-6). Let r(s) = -s**2 - 20*s**2 + 16 + y*s - 3 - 2*s**3. What is the remainder when r(-11) is divided by 39?
34
Let n(a) = a**3 - 10*a**2 + 11*a - 3. Suppose 16*r - 15*r = 36. What is the remainder when r is divided by n(9)?
6
Suppose -4*m - 606 = -2*x, 0 = x + 4*m - 188 - 133. Let b = x + -208. Calculate the remainder when b is divided by 13.
10
Let k be (-4 - (-5 - 2)) + -2. Let p(s) = 20*s**2 + s. Let n = 431 - 307. What is the remainder when n is divided by p(k)?
19
Let j = -14460 - -14571. Calculate the remainder when 568 is divided by j.
13
Let n = 2297 + -1722. Calculate the remainder when n is divided by 2.
1
Suppose 28*o - 396 = 24*o. Calculate the remainder when o is divided by ((-10)/(-4))/(15/84) + 3.
14
Calculate the remainder when 6/7 - (185820/7)/(-19) is divided by 8.
6
Let w(c) = -104*c + 26. Let x be w(-3). Suppose 4*a = 4*p + 588, 44 - x = -2*a - 5*p. Let g = -90 + a. Calculate the remainder when g is divided by 21.
15
Let h(z) = 103*z - 270. Calculate the remainder when 218 is divided by h(3).
23
Suppose -3*u + 107 + 226 = 0. Let p = -48 + u. Calculate the remainder when p is divided by 37.
26
Let m(b) = 16*b - 6. Let z be m(-3). Let w = z + 57. Suppose -2*f = -2*d - 12, -3*f + w*d + 4 = -2*f. What is the remainder when 12 is divided by f?
5
Suppose -4*h - 4*w - 1068 = -8988, 10*h - w - 19789 = 0. What is the remainder when h is divided by 132?
131
Let b be 8/(-24)*333/3. What is the remainder when 174 is divided by -1*(0 + 0/3) - b?
26
Let x(b) = -2*b**2 + 3*b - 5. Let k be x(2). Let o(u) = -u**2 - 5*u + 8. Let z be o(k). Calculate the remainder when 16 is divided by 135/(-36)*16/z.
6
Suppose 5*u + 331 = 3*g, -u = 89*g - 92*g + 347. What is the remainder when 149 is divided by g?
32
Let d = 26413 - 26062. Calculate the remainder when d is divided by 152.
47
Let g be 4 - -1*(-1 - 1). Suppose g*m + 105 = 351. Calculate the remainder when m is divided by 14.
11
Let p(r) = -4*r + 569. What is the remainder when 3707 is divided by p(129)?
50
What is the remainder when (1*-1277 + -2)/(-111 - -110) is divided by 352?
223
Suppose 447 = -24*w + 1527. Calculate the remainder when w is divided by 33.
12
Suppose 162*f - 164*f + 4 = 0. Suppose 3*i - i = m - 13, f*m - i - 14 = 0. Suppose -m*p = -6*p + 22. What is the remainder when 41 is divided by p?
19
Suppose 0 = -q - 4*o - 1, -4*q + 5*o - 2 = -2*q. Let t be (q + (-28)/(-20))*980. Calculate the remainder when 2*t/24*(4 - 1) is divided by 20.
18
Calculate the remainder when (25/(1050/37352))/(2/6) is divided by 107.
100
Let p = 13 + -7. Suppose 0 = 3*i - p*i + 2*l + 70, 3*l = -4*i + 99. What is the remainder when i is divided by (-3 + 90/40)*(-14 - -2)?
6
Suppose 0 = -2*w + 239 + 551. Let a = w + -388. Calculate the remainder when 109 is divided by a.
4
Let v be 1 + 1*(1 - -1). Suppose 0*o + 3*o - s = 8, -3*o + v*s = 0. Calculate the remainder when (-30)/(-20)*(-84 - -94) is divided by o.
3
Let t be (-58)/(-4) + 2 - (-16)/(-32). Let g = t + -41. Let v = g + 33. What is the remainder when 14 is divided by v?
6
Suppose 0 = -5*l + 3*j + 3296, 5*j = -5*l + 4712 - 1392. Calculate the remainder when l is divided by 82.
5
What is the remainder when (8*(-8)/96)/((-3)/1044) is divided by 34?
28
Suppose -2*f - 3*d = 2*f - 740, -d = f - 185. Let h be 11 + -4 + (6 - -2) - -5. Calculate the remainder when f is divided by (-10)/h*(-5)/((-10)/(-188)).
44
Let s = -13 + 26. Let z = 3420 - 3408. Suppose z = 5*t - s. Calculate the remainder when 7 is divided by t.
2
Let q(p) = 6*p**3 + 163*p**2 + 27*p + 48. Calculate the 